{"id":109,"date":"2023-08-08T14:58:15","date_gmt":"2023-08-08T12:58:15","guid":{"rendered":"https:\/\/www.tuduu.sk\/?post_type=product&#038;p=109"},"modified":"2025-07-20T08:02:17","modified_gmt":"2025-07-20T06:02:17","slug":"zoznam-na-balenie","status":"publish","type":"product","link":"https:\/\/www.tuduu.sk\/?product=zoznam-na-balenie","title":{"rendered":"Zoznam na balenie"},"content":{"rendered":"<p>\u010ci u\u017e cestuje\u0161 na v\u00edkend, t\u00fd\u017ede\u0148 alebo mesiac, pravidelne alebo jednorazovo, zoznam na balenie ti bude v\u017edy asistova\u0165. Aby sa ti na ceste nestali nepr\u00edjemn\u00e9 prekvapenia.<\/p>\n","protected":false},"excerpt":{"rendered":"<p>Zoznam na balenie.<\/p>\n<p>Ve\u013ekos\u0165 A4.<\/p>\n<p>Tla\u010den\u00e9 na papier Munken Pure Rough &#8211; pr\u00e9miov\u00fd pocit, nenatieran\u00fd povrch, kr\u00e9mov\u00fd odtie\u0148.<\/p>\n<p>30 trhac\u00edch listov.<\/p>\n","protected":false},"featured_media":242,"comment_status":"open","ping_status":"closed","template":"","meta":{"_monsterinsights_skip_tracking":false,"_monsterinsights_sitenote_active":false,"_monsterinsights_sitenote_note":"","_monsterinsights_sitenote_category":0},"product_brand":[],"product_cat":[24],"product_tag":[],"class_list":{"0":"post-109","1":"product","2":"type-product","3":"status-publish","4":"has-post-thumbnail","6":"product_cat-organizery","7":"product_shipping_class-postovne","9":"first","10":"instock","11":"shipping-taxable","12":"purchasable","13":"product-type-simple"},"yoast_head":"<!-- This site is optimized with the Yoast SEO plugin v27.5 - https:\/\/yoast.com\/product\/yoast-seo-wordpress\/ -->\n<title>Zoznam na balenie - tuduu<\/title>\n<meta name=\"description\" content=\"\u010ci u\u017e cestuje\u0161 na v\u00edkend, t\u00fd\u017ede\u0148 alebo mesiac, zoznam na balenie ti bude v\u017edy asistova\u0165. Aby sa ti na ceste nestali nepr\u00edjemn\u00e9 prekvapenia.\" \/>\n<meta name=\"robots\" content=\"index, follow, max-snippet:-1, max-image-preview:large, max-video-preview:-1\" \/>\n<link rel=\"canonical\" href=\"https:\/\/www.tuduu.sk\/?product=zoznam-na-balenie\" \/>\n<meta property=\"og:locale\" content=\"sk_SK\" \/>\n<meta property=\"og:type\" content=\"article\" \/>\n<meta property=\"og:title\" content=\"Zoznam na balenie - tuduu\" \/>\n<meta property=\"og:description\" content=\"\u010ci u\u017e cestuje\u0161 na v\u00edkend, t\u00fd\u017ede\u0148 alebo mesiac, zoznam na balenie ti bude v\u017edy asistova\u0165. Aby sa ti na ceste nestali nepr\u00edjemn\u00e9 prekvapenia.\" \/>\n<meta property=\"og:url\" content=\"https:\/\/www.tuduu.sk\/?product=zoznam-na-balenie\" \/>\n<meta property=\"og:site_name\" content=\"tuduu\" \/>\n<meta property=\"article:modified_time\" content=\"2025-07-20T06:02:17+00:00\" \/>\n<meta property=\"og:image\" content=\"https:\/\/www.tuduu.sk\/wp-content\/uploads\/2023\/09\/tuduu-produkty-2-1.jpg\" \/>\n\t<meta property=\"og:image:width\" content=\"800\" \/>\n\t<meta property=\"og:image:height\" content=\"801\" \/>\n\t<meta property=\"og:image:type\" content=\"image\/jpeg\" \/>\n<meta name=\"twitter:card\" content=\"summary_large_image\" \/>\n<meta name=\"twitter:label1\" content=\"Predpokladan\u00fd \u010das \u010d\u00edtania\" \/>\n\t<meta name=\"twitter:data1\" content=\"1 min\u00fata\" \/>\n<script type=\"application\/ld+json\" class=\"yoast-schema-graph\">{\"@context\":\"https:\\\/\\\/schema.org\",\"@graph\":[{\"@type\":\"WebPage\",\"@id\":\"https:\\\/\\\/www.tuduu.sk\\\/?product=zoznam-na-balenie\",\"url\":\"https:\\\/\\\/www.tuduu.sk\\\/?product=zoznam-na-balenie\",\"name\":\"Zoznam na balenie - tuduu\",\"isPartOf\":{\"@id\":\"https:\\\/\\\/www.tuduu.sk\\\/#website\"},\"primaryImageOfPage\":{\"@id\":\"https:\\\/\\\/www.tuduu.sk\\\/?product=zoznam-na-balenie#primaryimage\"},\"image\":{\"@id\":\"https:\\\/\\\/www.tuduu.sk\\\/?product=zoznam-na-balenie#primaryimage\"},\"thumbnailUrl\":\"https:\\\/\\\/www.tuduu.sk\\\/wp-content\\\/uploads\\\/2023\\\/09\\\/tuduu-produkty-2-1.jpg\",\"datePublished\":\"2023-08-08T12:58:15+00:00\",\"dateModified\":\"2025-07-20T06:02:17+00:00\",\"description\":\"\u010ci u\u017e cestuje\u0161 na v\u00edkend, t\u00fd\u017ede\u0148 alebo mesiac, zoznam na balenie ti bude v\u017edy asistova\u0165. Aby sa ti na ceste nestali nepr\u00edjemn\u00e9 prekvapenia.\",\"breadcrumb\":{\"@id\":\"https:\\\/\\\/www.tuduu.sk\\\/?product=zoznam-na-balenie#breadcrumb\"},\"inLanguage\":\"sk-SK\",\"potentialAction\":[{\"@type\":\"ReadAction\",\"target\":[\"https:\\\/\\\/www.tuduu.sk\\\/?product=zoznam-na-balenie\"]}]},{\"@type\":\"ImageObject\",\"inLanguage\":\"sk-SK\",\"@id\":\"https:\\\/\\\/www.tuduu.sk\\\/?product=zoznam-na-balenie#primaryimage\",\"url\":\"https:\\\/\\\/www.tuduu.sk\\\/wp-content\\\/uploads\\\/2023\\\/09\\\/tuduu-produkty-2-1.jpg\",\"contentUrl\":\"https:\\\/\\\/www.tuduu.sk\\\/wp-content\\\/uploads\\\/2023\\\/09\\\/tuduu-produkty-2-1.jpg\",\"width\":800,\"height\":801,\"caption\":\"Zoznam na balenie 15\u20ac\"},{\"@type\":\"BreadcrumbList\",\"@id\":\"https:\\\/\\\/www.tuduu.sk\\\/?product=zoznam-na-balenie#breadcrumb\",\"itemListElement\":[{\"@type\":\"ListItem\",\"position\":1,\"name\":\"Home\",\"item\":\"https:\\\/\\\/www.tuduu.sk\\\/\"},{\"@type\":\"ListItem\",\"position\":2,\"name\":\"Obchod\",\"item\":\"https:\\\/\\\/www.tuduu.sk\\\/?page_id=85\"},{\"@type\":\"ListItem\",\"position\":3,\"name\":\"Zoznam na balenie\"}]},{\"@type\":\"WebSite\",\"@id\":\"https:\\\/\\\/www.tuduu.sk\\\/#website\",\"url\":\"https:\\\/\\\/www.tuduu.sk\\\/\",\"name\":\"tuduu\",\"description\":\"M\u00e1me radi papier.\",\"publisher\":{\"@id\":\"https:\\\/\\\/www.tuduu.sk\\\/#organization\"},\"potentialAction\":[{\"@type\":\"SearchAction\",\"target\":{\"@type\":\"EntryPoint\",\"urlTemplate\":\"https:\\\/\\\/www.tuduu.sk\\\/?s={search_term_string}\"},\"query-input\":{\"@type\":\"PropertyValueSpecification\",\"valueRequired\":true,\"valueName\":\"search_term_string\"}}],\"inLanguage\":\"sk-SK\"},{\"@type\":\"Organization\",\"@id\":\"https:\\\/\\\/www.tuduu.sk\\\/#organization\",\"name\":\"tuduu\",\"url\":\"https:\\\/\\\/www.tuduu.sk\\\/\",\"logo\":{\"@type\":\"ImageObject\",\"inLanguage\":\"sk-SK\",\"@id\":\"https:\\\/\\\/www.tuduu.sk\\\/#\\\/schema\\\/logo\\\/image\\\/\",\"url\":\"https:\\\/\\\/www.tuduu.sk\\\/wp-content\\\/uploads\\\/2023\\\/08\\\/tuduu_logo.png\",\"contentUrl\":\"https:\\\/\\\/www.tuduu.sk\\\/wp-content\\\/uploads\\\/2023\\\/08\\\/tuduu_logo.png\",\"width\":514,\"height\":153,\"caption\":\"tuduu\"},\"image\":{\"@id\":\"https:\\\/\\\/www.tuduu.sk\\\/#\\\/schema\\\/logo\\\/image\\\/\"}}]}<\/script>\n<!-- \/ Yoast SEO plugin. -->","yoast_head_json":{"title":"Zoznam na balenie - tuduu","description":"\u010ci u\u017e cestuje\u0161 na v\u00edkend, t\u00fd\u017ede\u0148 alebo mesiac, zoznam na balenie ti bude v\u017edy asistova\u0165. Aby sa ti na ceste nestali nepr\u00edjemn\u00e9 prekvapenia.","robots":{"index":"index","follow":"follow","max-snippet":"max-snippet:-1","max-image-preview":"max-image-preview:large","max-video-preview":"max-video-preview:-1"},"canonical":"https:\/\/www.tuduu.sk\/?product=zoznam-na-balenie","og_locale":"sk_SK","og_type":"article","og_title":"Zoznam na balenie - tuduu","og_description":"\u010ci u\u017e cestuje\u0161 na v\u00edkend, t\u00fd\u017ede\u0148 alebo mesiac, zoznam na balenie ti bude v\u017edy asistova\u0165. Aby sa ti na ceste nestali nepr\u00edjemn\u00e9 prekvapenia.","og_url":"https:\/\/www.tuduu.sk\/?product=zoznam-na-balenie","og_site_name":"tuduu","article_modified_time":"2025-07-20T06:02:17+00:00","og_image":[{"width":800,"height":801,"url":"https:\/\/www.tuduu.sk\/wp-content\/uploads\/2023\/09\/tuduu-produkty-2-1.jpg","type":"image\/jpeg"}],"twitter_card":"summary_large_image","twitter_misc":{"Predpokladan\u00fd \u010das \u010d\u00edtania":"1 min\u00fata"},"schema":{"@context":"https:\/\/schema.org","@graph":[{"@type":"WebPage","@id":"https:\/\/www.tuduu.sk\/?product=zoznam-na-balenie","url":"https:\/\/www.tuduu.sk\/?product=zoznam-na-balenie","name":"Zoznam na balenie - tuduu","isPartOf":{"@id":"https:\/\/www.tuduu.sk\/#website"},"primaryImageOfPage":{"@id":"https:\/\/www.tuduu.sk\/?product=zoznam-na-balenie#primaryimage"},"image":{"@id":"https:\/\/www.tuduu.sk\/?product=zoznam-na-balenie#primaryimage"},"thumbnailUrl":"https:\/\/www.tuduu.sk\/wp-content\/uploads\/2023\/09\/tuduu-produkty-2-1.jpg","datePublished":"2023-08-08T12:58:15+00:00","dateModified":"2025-07-20T06:02:17+00:00","description":"\u010ci u\u017e cestuje\u0161 na v\u00edkend, t\u00fd\u017ede\u0148 alebo mesiac, zoznam na balenie ti bude v\u017edy asistova\u0165. Aby sa ti na ceste nestali nepr\u00edjemn\u00e9 prekvapenia.","breadcrumb":{"@id":"https:\/\/www.tuduu.sk\/?product=zoznam-na-balenie#breadcrumb"},"inLanguage":"sk-SK","potentialAction":[{"@type":"ReadAction","target":["https:\/\/www.tuduu.sk\/?product=zoznam-na-balenie"]}]},{"@type":"ImageObject","inLanguage":"sk-SK","@id":"https:\/\/www.tuduu.sk\/?product=zoznam-na-balenie#primaryimage","url":"https:\/\/www.tuduu.sk\/wp-content\/uploads\/2023\/09\/tuduu-produkty-2-1.jpg","contentUrl":"https:\/\/www.tuduu.sk\/wp-content\/uploads\/2023\/09\/tuduu-produkty-2-1.jpg","width":800,"height":801,"caption":"Zoznam na balenie 15\u20ac"},{"@type":"BreadcrumbList","@id":"https:\/\/www.tuduu.sk\/?product=zoznam-na-balenie#breadcrumb","itemListElement":[{"@type":"ListItem","position":1,"name":"Home","item":"https:\/\/www.tuduu.sk\/"},{"@type":"ListItem","position":2,"name":"Obchod","item":"https:\/\/www.tuduu.sk\/?page_id=85"},{"@type":"ListItem","position":3,"name":"Zoznam na balenie"}]},{"@type":"WebSite","@id":"https:\/\/www.tuduu.sk\/#website","url":"https:\/\/www.tuduu.sk\/","name":"tuduu","description":"M\u00e1me radi papier.","publisher":{"@id":"https:\/\/www.tuduu.sk\/#organization"},"potentialAction":[{"@type":"SearchAction","target":{"@type":"EntryPoint","urlTemplate":"https:\/\/www.tuduu.sk\/?s={search_term_string}"},"query-input":{"@type":"PropertyValueSpecification","valueRequired":true,"valueName":"search_term_string"}}],"inLanguage":"sk-SK"},{"@type":"Organization","@id":"https:\/\/www.tuduu.sk\/#organization","name":"tuduu","url":"https:\/\/www.tuduu.sk\/","logo":{"@type":"ImageObject","inLanguage":"sk-SK","@id":"https:\/\/www.tuduu.sk\/#\/schema\/logo\/image\/","url":"https:\/\/www.tuduu.sk\/wp-content\/uploads\/2023\/08\/tuduu_logo.png","contentUrl":"https:\/\/www.tuduu.sk\/wp-content\/uploads\/2023\/08\/tuduu_logo.png","width":514,"height":153,"caption":"tuduu"},"image":{"@id":"https:\/\/www.tuduu.sk\/#\/schema\/logo\/image\/"}}]}},"_links":{"self":[{"href":"https:\/\/www.tuduu.sk\/index.php?rest_route=\/wp\/v2\/product\/109","targetHints":{"allow":["GET"]}}],"collection":[{"href":"https:\/\/www.tuduu.sk\/index.php?rest_route=\/wp\/v2\/product"}],"about":[{"href":"https:\/\/www.tuduu.sk\/index.php?rest_route=\/wp\/v2\/types\/product"}],"replies":[{"embeddable":true,"href":"https:\/\/www.tuduu.sk\/index.php?rest_route=%2Fwp%2Fv2%2Fcomments&post=109"}],"wp:featuredmedia":[{"embeddable":true,"href":"https:\/\/www.tuduu.sk\/index.php?rest_route=\/wp\/v2\/media\/242"}],"wp:attachment":[{"href":"https:\/\/www.tuduu.sk\/index.php?rest_route=%2Fwp%2Fv2%2Fmedia&parent=109"}],"wp:term":[{"taxonomy":"product_brand","embeddable":true,"href":"https:\/\/www.tuduu.sk\/index.php?rest_route=%2Fwp%2Fv2%2Fproduct_brand&post=109"},{"taxonomy":"product_cat","embeddable":true,"href":"https:\/\/www.tuduu.sk\/index.php?rest_route=%2Fwp%2Fv2%2Fproduct_cat&post=109"},{"taxonomy":"product_tag","embeddable":true,"href":"https:\/\/www.tuduu.sk\/index.php?rest_route=%2Fwp%2Fv2%2Fproduct_tag&post=109"}],"curies":[{"name":"wp","href":"https:\/\/api.w.org\/{rel}","templated":true}]}}